t z be (1/(-2))/(1/8). Let t = z + 9. Suppose -4*x - 18 = -p, -6 = -p - 3*x + t. What is the units digit of p?
4
Let s(a) = 38*a**2 + 6*a + 10. What is the hundreds digit of s(6)?
4
Let j be (-15)/10*(-8)/3. Suppose p + 193 = 2*y + j*p, -3*y + 300 = p. Suppose 0*s + s + 2*n - 27 = 0, y = 4*s + n. What is the units digit of s?
5
Let t(q) be the third derivative of q**6/120 - q**5/5 + q**4/12 - 4*q**3/3 - 2*q**2. What is the tens digit of t(12)?
1
Let m(l) be the first derivative of 23*l**3/3 - 2*l**2 - 4*l + 1. Let b be m(-2). What is the units digit of (38/3)/(16/b)?
6
Suppose 6*i - 2*i = 8. What is the units digit of (145/2)/(i/4)?
5
Let x(p) = 2*p**2 - 12*p + 18. What is the units digit of x(6)?
8
Suppose 794 = z + 4*t, -t + 3924 = 5*z - 4*t. Suppose -23*c - z = -29*c. What is the tens digit of c?
3
Let d(b) = 148*b**2 - 10*b + 66. What is the tens digit of d(4)?
9
Let r(j) = j + 22. Let s be r(-20). Suppose -s*z = -0*z - 138. What is the units digit of z?
9
Suppose -21*q = -11776 - 22160. What is the units digit of q?
6
Let a = -67 - -70. What is the units digit of a/9 - 340/(-6)?
7
Let s(l) = 2*l**3 - 11*l**2 - 41*l - 46. What is the units digit of s(14)?
2
Let h = 65 - 63. Suppose -h*g = -195 - 235. What is the tens digit of g?
1
Suppose -3*n = n - 16. Suppose 2*h = -3*h, n*h = b - 8. Suppose 7*k - b*k = -19. What is the units digit of k?
9
Let y(v) = 38*v**2 - v. Suppose 0*q = 2*q + 14. Let b = q + 8. What is the tens digit of y(b)?
3
Let g = 223 - 1. Suppose 5*l + 433 = -g. Let s = -80 - l. What is the tens digit of s?
5
Let a be ((-7)/(-7))/((3 + -2)/103). Let j = a - 9. What is the units digit of j?
4
Suppose -5*r = -0*r - 1720. Let m = r - 140. What is the units digit of m?
4
Suppose -2*v = d + 5, -7 + 32 = 3*d - 4*v. Suppose d*b + 52 + 56 = x, 25 = -5*b. Let u = 144 - x. What is the units digit of u?
1
Suppose 19558 - 101626 = -14*y. What is the hundreds digit of y?
8
Let i(p) = 4*p**3 - p**2 - 8. Let x(q) = -q**3 + 1. Let y(w) = -i(w) - 6*x(w). Let s be y(-2). Let j = s + 25. What is the tens digit of j?
1
Let j = -141 - -198. Suppose -j = 8*g - 305. What is the units digit of g?
1
Let c(u) be the second derivative of -u**5/20 - 13*u**4/12 - 3*u**3 - 11*u**2/2 + 29*u. What is the units digit of c(-12)?
1
Suppose u - 5*u + 108 = 0. Suppose 2*c + 5*z = 21, 4*c + 2*z + 3*z = u. Let a(i) = i**3 - 2*i + 4. What is the tens digit of a(c)?
2
Suppose 0 = -2*z - 2*s + 1598, 6*z = 11*z - 4*s - 3977. What is the units digit of z?
7
Let t = -62 + 15. Suppose q + 13 = -3*s, 0*q + q = 3*s - 43. Let j = q - t. What is the tens digit of j?
1
Suppose -2*l = -277 - 711. What is the units digit of l?
4
Let j = -9 + 16. Let o(u) = -u**3 + 9*u**2 - u - 7. What is the tens digit of o(j)?
8
Let j(s) = 7*s - 8. Let m be j(2). What is the units digit of (-4)/m + 266/21 + -5?
7
Suppose 4*s + 14 = 2*v - 2, 3*v + 5*s = 46. Suppose 0 = v*w - 6*w - 588. What is the units digit of w?
8
Suppose 10*p - 32 = 2*p. Let u = 13 - 9. Suppose 0 = -f + u*n + 49, 157 = p*f + 3*n - 6*n. What is the tens digit of f?
3
Let x = 33 + -21. Suppose 0 = -3*r - x, i + i = 3*r + 20. What is the units digit of i?
4
Suppose -r + 10 + 6 = 5*q, 3*q + 24 = 5*r. What is the tens digit of (226/r)/((-3)/(-9)) + 1?
1
Suppose -5*g = -4*g. Suppose -3*t - 9 + 33 = g. Suppose -64 = -t*w + 6*w. What is the units digit of w?
2
What is the hundreds digit of (-161 + 15)*-1*5/2?
3
Let v(h) = 29*h**2 + 8*h - 10. What is the thousands digit of v(6)?
1
Let w = -15 - -152. Suppose -215 = -11*k + w. What is the tens digit of k?
3
Let n be 6 + -1 + -4 + 3. Let x be n/(-20)*(-2 - -7). What is the tens digit of x*2 - (-14 + -24)?
3
Let m = 597 + -246. Let g = -166 + m. What is the units digit of g?
5
Let u(q) = 0 - 4*q - q**2 - 5 + 3 + 13*q. Suppose -w + 2*w = 4. What is the tens digit of u(w)?
1
What is the tens digit of (-5)/(10/3428)*(-28)/56?
5
Suppose -5*x = 12*b - 8*b - 8769, -x - 4*b = -1741. What is the tens digit of x?
5
Let i(y) = -y - 5. Let x be i(6). Let f = 13 + x. What is the tens digit of (6/f)/(6/68)?
3
What is the units digit of (-13)/(-15) + -1 - (-120252)/90?
6
Let g = -9 - -18. Let a(w) = -w**3 + 8*w**2 + 11*w - 7. Let m be a(g). Let d = 44 - m. What is the units digit of d?
3
Let o(c) = -c**2 + 2*c - 16 + 13 + 10*c. Let d be o(6). Suppose 4*p - 11 = d. What is the tens digit of p?
1
Suppose x = 2*x - f - 555, x + 4*f - 570 = 0. What is the tens digit of x?
5
Let y = 1959 + -1540. What is the tens digit of y?
1
Let s be 162/(-9)*(-2)/3. Suppose s = 6*o - 2*o. Suppose o*l = 3*c + 132, -128 = -3*l - 2*c - 11. What is the units digit of l?
1
Suppose -35*a - 12*a = -112988. What is the tens digit of a?
0
Let k = -397 - -837. Suppose -4*y = f - 49 - 39, 0 = -5*f - y + k. What is the tens digit of f?
8
Suppose -4*r = 4*a - 2792, 2*a = -4*r + 6*a + 2800. What is the tens digit of r?
9
What is the units digit of -4 + (1 + 7 - -2059)?
3
Suppose 0 = 5*k - 15, -d + 3*k + 1141 = -k. What is the units digit of d?
3
Suppose 358 = d - 37. What is the tens digit of d?
9
Suppose 294 = 2*w - 66. Suppose 3*d = d + w. Suppose 0 = -6*g + 9*g - d. What is the units digit of g?
0
Let k be (-4 - -4 - 1) + 6. Suppose -k = -f + 37. What is the tens digit of f?
4
Let u(b) be the first derivative of 4*b**3/3 + b**2 + 5*b + 6. What is the units digit of u(2)?
5
Suppose 4*x = -0*o + o - 49, -x - 119 = -2*o. Let a = 104 - o. Suppose -3*z = -a - 2. What is the units digit of z?
5
Let i = 53 + 18. Let b = i - 140. What is the units digit of (-6)/9 + b/(-9)?
7
Suppose 2*v - 4 = -4*c, -4*c + v - 1 = 1. Suppose c = -3*t + 14*t - 1661. What is the units digit of t?
1
Let x(d) = d**3 - 6*d**2 + 7*d + 3. Let c be x(4). Let j = c - -6. What is the units digit of j?
5
Let k(u) = -32*u - 23. Let o be (6 - (-217)/(-21)) + (-4)/6. What is the units digit of k(o)?
7
What is the units digit of (-1 - 0 - -12)*(-47 + 51)?
4
Suppose 0 = -2*h + 65 - 191. Let i be 117/(3/(3 + 0)). Let j = h + i. What is the units digit of j?
4
Let c(i) = -30*i - 32. Let v be 8/36 + 2 + (-404)/36. What is the units digit of c(v)?
8
Let r = 22 - 19. Suppose 12 = r*n - d, -20 = 2*n - 7*n - 4*d. Suppose 0 = -n*q + 94 + 14. What is the units digit of q?
7
Let m = -5 + 11. Suppose 7*v - 4*v - m = -3*h, 10 = -5*v. Suppose -h*g = -15 - 13. What is the units digit of g?
7
Suppose -2*k + 5*k + 4*m - 5 = 0, -48 = -4*k + 5*m. Suppose 372 = 11*o - k*o. What is the tens digit of o?
9
Let f(t) = -10*t + 20*t + 21 - 11*t. Suppose 0 = -5*m + m. What is the tens digit of f(m)?
2
Suppose 12*y = 13*y + 5. Let h be (-7 - y)/((-2)/(-243)). What is the units digit of h/(-6) + 1/2?
1
Let c(i) = -i**3 + 20*i**2 + 8*i - 26. Let p be c(19). Suppose -2*m = -p - 17. What is the units digit of m?
2
Let q be ((4/(-1))/(-1) + 2)*52. Let f = -220 + q. What is the units digit of f?
2
Let i = 22 + -16. Suppose p = -0*p + i. What is the units digit of p?
6
Suppose 0 = 2*j - 127 - 313. Suppose 12*c - j = 10*c. What is the units digit of c?
0
Suppose 12*g - 14*g + 1268 = 0. What is the hundreds digit of g?
6
Let c(n) = n**3 - 9*n**2 + 5*n + 11. Let m be c(8). Let f = 18 + m. Suppose 2*b + 0*x + 3*x - 88 = 0, -f*b + 198 = 2*x. What is the tens digit of b?
3
Let o(w) = 10*w - 24. Let z be o(6). Suppose -z - 140 = -3*j + 5*d, -2*d = 3*j - 211. What is the units digit of j?
7
Suppose 102634 = 27*z + 9538. What is the thousands digit of z?
3
Let s be -60 + 12 - 3*1. Let q = s - -106. What is the units digit of q?
5
Let x = 14 - 16. What is the tens digit of x*(-3 + 2) + 88?
9
Suppose 96 = 3*t + 3*s - 84, 20 = -4*s. What is the units digit of t?
5
Let m = 1739 - 1102. What is the hundreds digit of m?
6
Suppose -193*o - 1593 = -202*o. What is the hundreds digit of o?
1
Let h(d) be the second derivative of d**3/6 + 87*d**2/2 - 25*d. What is the units digit of h(0)?
7
Let q = 286 - -285. What is the units digit of q?
1
Suppose -y = -2*y. What is the units digit of -1 - (-1 - y)*(23 + 0)?
2
Suppose 25*h - 12*h = 6422. What is the hundreds digit of h?
4
What is the hundreds digit of (-1)/(-5) + ((-2028)/(-5))/2?
2
Let g(k) = k**2 + 0 + 9 - 3 - 1 - 7*k. What is the units digit of g(13)?
3
Suppose 5*q + 2*j - 13501 = 0, -5*q + 13495 = 83*j - 78*j. What is the tens digit of q?
0
Let w be 27/9 - 94/1.